5?
-17a0
What is 1331 (base 5) in base 9?
260
12121100 (base 3) to base 16
ff6
What is -40b (base 12) in base 13?
-362
What is -6361 (base 9) in base 15?
-15b7
What is 21220 (base 4) in base 15?
2b1
11210102 (base 3) to base 6
24102
Convert -122021111 (base 3) to base 2.
-11000100110011
Convert -7a28 (base 14) to base 12.
-10330
Convert 11450 (base 7) to base 5.
43400
What is -1250 (base 11) in base 10?
-1628
What is -1220210 (base 3) in base 7?
-4035
What is -3243 (base 5) in base 10?
-448
-475b (base 12) to base 14
-2cab
What is bcb (base 16) in base 15?
d64
What is -4656 (base 8) in base 9?
-3353
What is 122131 (base 5) in base 2?
1001000111010
Convert -23205 (base 6) to base 14.
-12cd
Convert 34361 (base 9) to base 7.
123520
-311403 (base 5) to base 4
-2133310
Convert -12201 (base 4) to base 7.
-1134
-1223011 (base 4) to base 5
-204403
Convert -120120 (base 5) to base 10.
-4410
Convert -14242 (base 5) to base 10.
-1197
Convert 163 (base 10) to base 5.
1123
-78ca (base 14) to base 7
-115043
-19170 (base 13) to base 8
-136722
What is 723 (base 11) in base 2?
1101101000
Convert -eec3 (base 15) to base 11.
-35005
-1000100011111101 (base 2) to base 15
-a5ce
Convert -20042 (base 5) to base 9.
-1663
What is -752 (base 8) in base 15?
-22a
What is -103231 (base 4) in base 7?
-3451
Convert -585 (base 11) to base 12.
-4a2
Convert 7507 (base 8) to base 10.
3911
What is 21122 (base 4) in base 9?
738
Convert 2842 (base 9) to base 16.
860
What is -4333 (base 6) in base 11?
-823
Convert -a1 (base 16) to base 3.
-12222
Convert 4430 (base 7) to base 10.
1589
1001 (base 2) to base 13
9
What is -6377 (base 11) in base 2?
-10000011110001
Convert 1166 (base 7) to base 16.
1b8
-176 (base 12) to base 16
-ea
1084 (base 15) to base 2
110110101011
Convert 691 (base 13) to base 11.
93a
Convert 13025 (base 8) to base 10.
5653
What is -241 (base 10) in base 3?
-22221
What is -536 (base 8) in base 16?
-15e
What is 11220303 (base 4) in base 7?
124215
Convert 222221121 (base 3) to base 16.
4cbd
What is 443 (base 5) in base 4?
1323
-c2a6 (base 13) to base 10
-26838
-101010201 (base 3) to base 11
-5609
Convert -4cf (base 16) to base 11.
-a1a
Convert 8cbc (base 14) to base 10.
24470
-41102 (base 6) to base 12
-3192
What is 42 (base 11) in base 4?
232
What is -10306 (base 8) in base 15?
-1414
What is 1cec (base 16) in base 2?
1110011101100
What is 77d (base 15) in base 7?
4636
What is -30 (base 15) in base 5?
-140
-268 (base 11) to base 10
-316
What is 36c (base 15) in base 12?
549
-986a (base 13) to base 12
-10339
18075 (base 10) to base 12
a563
11b (base 12) to base 3
20012
What is 12045 (base 9) in base 7?
32333
-671 (base 8) to base 5
-3231
What is -121222201 (base 3) in base 12?
-7201
Convert -798 (base 14) to base 15.
-6a6
What is -516 (base 14) in base 8?
-1750
-21113 (base 5) to base 2
-10110000000
Convert 34b (base 15) to base 16.
2ea
Convert -660 (base 7) to base 4.
-11100
What is -2314 (base 8) in base 6?
-5404
What is -2707 (base 12) in base 11?
-33a5
What is 1033 (base 7) in base 5?
2432
-242424 (base 5) to base 10
-9114
What is 1206 (base 8) in base 2?
1010000110
-10011111110110 (base 2) to base 3
-112000220
What is -1425 (base 12) in base 5?
-33313
Convert -8565 (base 9) to base 16.
-1898
Convert -2200 (base 14) to base 8.
-13370
Convert 125453 (base 6) to base 16.
2d69
Convert -1617 (base 9) to base 16.
-4cf
Convert 10106 (base 7) to base 8.
4630
Convert 1154 (base 6) to base 12.
1ba
Convert -2415 (base 8) to base 14.
-685
5021 (base 11) to base 5
203203
Convert 25457 (base 13) to base 14.
1b143
Convert 30032 (base 4) to base 11.
651
-71d (base 15) to base 4
-121003
1010111101111000 (base 2) to base 11
30827
Convert 2567 (base 9) to base 11.
149a
What is 10112022 (base 3) in base 4?
220031
Convert -313130 (base 4) to base 6.
-24232
Convert 1a57 (base 12) to base 11.
2481
What is 731 (base 14) in base 2?
10110000111
What is 28b (base 16) in base 10?
651
Convert -210223 (base 4) to base 9.
-3187
-705 (base 8) to base 13
-28b
Convert -4500 (base 6) to base 10.
-1044
Convert 10202 (base 3) to base 13.
7a
What is 21216 (base 9) in base 10?
14028
Convert -3823 (base 10) to base 16.
-eef
Convert -110020 (base 3) to base 12.
-236
Convert -1510 (base 8) to base 13.
-4c8
27106 (base 8) to base 7
46352
Convert -10010020122 (base 3) to base 2.
-1110111111100111
Convert -288 (base 13) to base 14.
-242
What is 10312 (base 7) in base 15?
b57
-6b6 (base 14) to base 3
-1211111
What is -303 (base 14) in base 13?
-366
What is -73533 (base 10) in base 3?
-10201212110
Convert 6983 (base 11) to base 10.
9166
-21 (base 3) to base 10
-7
What is -1111111110 (base 2) in base 3?
-1101212
What is 817 (base 13) in base 15?
617
What is 10755 (base 10) in base 4?
2220003
What is 11010 (base 4) in base 5?
2244
What is 478 (base 10) in base 12?
33a
Convert bc6 (base 16) to base 11.
22a0
Convert -3bd7 (base 14) to base 12.
-6155
Convert -1615 (base 10) to base 13.
-973
What is -a9a (base 12) in base 2?
-11000010110
-44300 (base 5) to base 12
-1943
What is -bca (base 15) in base 3?
-10122201
23312 (base 7) to base 13
2957
Convert 2841 (base 11) to base 15.
1150
-14022 (base 6) to base 15
-99e
-7445 (base 9) to base 5
-133333
Convert -39c (base 16) to base 2.
-1110011100
-1b4e (base 16) to base 10
-6990
Convert 1939 (base 11) to base 12.
1512
Convert 20311301 (base 4) to base 6.
435345
1223 (base 10) to base 16
4c7
Convert 6225 (base 7) to base 10.
2175
Convert 1001011110110 (base 2) to base 4.
1023312
824 (base 9) to base 7
1645
Convert 40550 (base 8) to base 15.
4e64
Convert -11341 (base 7) to base 6.
-21304
-32400 (base 5) to base 2
-100010110001
-10001 (base 2) to base 9
-18
What is -19c9 (base 15) in base 2?
-1010111010101
What is 100110011 (base 2) in base 13?
1a8
What is 8437 (base 9) in base 14?
2382
What is 666 (base 12) in base 6?
4210
What is 10001101101001011 (base 2) in base 9?
120431
-116 (base 16) to base 11
-233
-1ec (base 15) to base 3
-121120
Convert 2b2 (base 13) to base 6.
2123
-322625 (base 7) to base 15
-119d2
What is -bc (base 15) in base 13?
-108
Convert -344b (base 13) to base 16.
-1ca2
Convert -8a8 (base 12) to base 16.
-500
What is -30156 (base 9) in base 4?
-10311213
What is 54213 (base 6) in base 9?
11160
-18b5 (base 16) to base 9
-8607
Convert 1422 (base 7) to base 11.
465
What is 25 (base 6) in base 9?
18
5132 (base 6) to base 9
1502
32775 (base 9) to base 14
7d16
Convert -2a94 (base 11) to base 3.
-12110020
Convert -aa7 (base 11) to base 6.
-10051
Convert -4dd (base 15) to base 7.
-3142
Convert -223530 (base 6) to base 13.
-884a
1583 (base 9) to base 3
1122210
What is -1211 (base 5) in base 2?
-10110101
Convert 2a7d (base 14) to base 6.
54555
What is -17253 (base 9) in base 13?
-5535
What is 405 (base 7) in base 16?
c9
Convert 122104 (base 6) to base 10.
10840
What is 106 (base 10) in base 14?
78
Convert -621 (base 8) to base 10.
-401
What is -328a (base 13) in base 6?
-52335
-1100101010000100 (base 2) to base 15
-10564
Convert -20002 (base 3) to base 15.
-ae
1 (base 6) to base 12
1
-42670 (base 8) to base 14
-670c
Convert 171 (base 8) to base 15.
81
What is -2593 (base 13) in base 15?
-18c4
-100343 (base 5) to base 16
-c97
What is 4a20 (base 12) in base 6?
102440
-1011000111000011 (base 2) to base 16
-b1c3
-62a5 (base 13) to base 12
-7a9b
Convert 3121 (base 8) to base 3.
2012220
What is 1002221210 (base 3) in base 5?
1144322
Convert 42231 (base 5) to base 2.
101100000000
What is -320 (base 7) in base 16?
-a1
1213 (base 4) to base 11
94
Convert 11100011001101 (base 2) to base 13.
6807
-366 (base 12) to base 14
-286
What is 2535 (base 7) in base 12?
679
Convert -388 (base 14) to base 11.
-594
Convert -3120 (base 6) to base 10.
-696
Convert 316135 (base 7) to base 3.
2210101101
What is 22122 (base 3) in base 15?
108
What is -36d (base 14) in base 10?
-685
What is 33131 (base 5) in base 4?
203303
4294 (base 13) to base 12
5427
121201 (base 3) to base 9
551
202022 (base 5) to base 3
22221012
Convert -23a3 (base 14) to base 8.
-14113
Convert 63365 (base 7) to base 13.
7163
What is -99f (base 16) in base 2?
-100110011111
Convert -2046 (base 8) to base 4.
-100212
What is -557 (base 15) in base 13?
-71b
-11422 (base 5) to base 9
-1157
What is 10001001111 (base 2) in 